 + 2. Determine n(2).
-9
Let a(l) be the first derivative of l**3/3 - 3*l**2 + l + 769. Calculate a(2).
-7
Suppose -y = 3*w - 9, -3*y = -8*y + 3*w + 9. Suppose 0*s - y*s + 2 = -g, 3 = -2*g + 5*s. Let p(x) = -x + x + g - 3*x + 2*x. Determine p(-1).
2
Let d(c) be the second derivative of -c**3/6 + 3*c**2/2 - 646*c. Calculate d(5).
-2
Let l(o) = 4*o + o - 3 - o**2 - o**2. Let h = 105 + -104. Let s(q) = -q**2 + q - 1. Let n(r) = h*l(r) - s(r). Determine n(4).
-2
Let j(m) be the third derivative of -m**5/60 - m**4/8 + m**3/2 - 3*m**2 - 6. Suppose 14 - 16 = -k. What is j(k)?
-7
Let d be 3*(-1 + 114/(-18)). Suppose 4*a - x = -0*a - 73, 3*a - x = -56. Let m = d - a. Let t(i) = -i**3 - 6*i**2 - 2*i + 7. Determine t(m).
-8
Suppose -21*r - 318 = 18. Let z(u) = -u**2 - 17*u - 27. Give z(r).
-11
Let y(o) = -o**2 - 5*o - 2. Let c = 8 + -6. Suppose 0 = -k + c. Suppose -a + 5*h - 29 = 0, -k = -2*a - h - 5. Give y(a).
2
Let a(n) = 2*n**2 + 5*n + 13. Let h be a(-2). Let d(m) = -586*m + 586*m - h*m**2 + 3*m**2. What is d(-1)?
-8
Let f(n) = n**3 - 6*n**2 - n + 9. Let z be (-6)/18*-3 - -5. Determine f(z).
3
Let b(n) = -1. Let h(x) = x**2 - 5*x - 12. Let o(s) = 5*b(s) - h(s). Calculate o(5).
7
Let i(p) = -3*p - 6. Let a(l) be the third derivative of 0*l + 1/20*l**5 + 0 + 7/6*l**3 - 14*l**2 + 1/120*l**6 + 1/6*l**4. Let t be a(-3). Calculate i(t).
9
Let o(r) = -36*r**2 + 50*r - 25. Let a(w) = 6*w**2 - 8*w + 4. Let g(c) = -38*a(c) - 6*o(c). What is g(2)?
-42
Suppose 2*v + 6 = 12. Let y(w) = 4*w - 3. Let x(z) = 10*z - 13. Let u(f) = 11*f - 12. Let n(m) = 3*u(m) - 2*x(m). Let c(l) = -4*n(l) + 14*y(l). Give c(v).
10
Let o(z) = -5*z + 6 + 4*z + 3*z - 3*z. Give o(7).
-1
Let f(h) = -13*h**2 + 11*h - 33. Suppose 4*k - 8 = 0, 0*k = -2*p - 2*k. Let s(a) = 3*a**2 - 3*a + 8. Let r(t) = p*f(t) - 9*s(t). Calculate r(4).
-2
Let q be (-12)/8*(-16)/12. Let p(n) = 3*n + 3. What is p(q)?
9
Let i(l) = 7*l**2 - 10*l - 8. Let z(r) = 20*r**2 - 29*r - 24. Suppose -5*p - 24 = -9*p. Let g(n) = p*z(n) - 17*i(n). Determine g(6).
4
Let g(i) be the second derivative of -i**3 - 21*i**2/2 - 54*i. Give g(-3).
-3
Let g(d) = d**2 - 1. Let b be (0 - -12)/(6/30). Let y be 852/b + 1/(-5). Let c = y - 14. What is g(c)?
-1
Let t(y) = -y**3 + 3*y**2 - y - 2. Let j = 44 + -39. Suppose d + n - j = -d, 2*n = d - 5. What is t(d)?
-5
Let v = -33 - -41. Let b(m) = m**3 + v*m**2 - 1 - 6 + 1 + 5*m. Calculate b(-7).
8
Let a(w) = w - 5. Let m(g) = -g + 11. Let n(u) = 7*a(u) + 3*m(u). Let h = 345 - 340. Give n(h).
18
Let k(y) = y - 7. Let j(r) = -10*r + 8. Let o(s) = j(s) + k(s). Determine o(4).
-35
Let f be (-10)/(-3)*(-24)/(-8). Let k(j) = j**3 - 11*j**2 + 6*j + 44. Let b be k(f). Let r(s) = s**2 - 5*s - 2. Calculate r(b).
-6
Let w(i) = -113*i - 453. Let l be w(-4). Let z(t) = 12*t + 2. Give z(l).
-10
Let k(i) = -3*i - 1. Let r(a) = a**2 - 1. Suppose 0 = 5*s - 0*s - 5. Let o(h) = 3*h**2 - 3*h - 2. Let n(y) = s*o(y) - 2*r(y). Let x be n(4). What is k(x)?
-13
Let f(t) = -5*t - 1. Let j be f(-1). Let l(n) = -5*n**3 - 2*n**2 - n. Let y be l(-1). Let x(r) = y - 4 - 2 + 2*r. Determine x(j).
6
Let k be 2 + 1/(-1) + -6. Let f(l) be the first derivative of -l**4/6 - 5*l**3/6 + 2*l**2 + 6. Let s(p) be the second derivative of f(p). Calculate s(k).
15
Let n = 69 + -37. Let d = n + -29. Suppose -a + 23 = 3*a - 5*s, 0 = -a - d*s - 7. Let h(i) = -2*i**3 + 4*i**2 - 2*i - 1. Give h(a).
-5
Let z(j) = -j**2 - 6*j**2 + 1 - j**2 + 2*j - j**2 + 6*j**2. Suppose 4*b + 1 = -5*y, -b - 2 = -3*y - 6. What is z(y)?
-4
Let f = 2812 - 8435/3. Let n(m) be the second derivative of 0 - 4*m + 1/20*m**5 + f*m**3 + m**2 + 1/4*m**4. Give n(-3).
-4
Let m(d) = -2*d**2 - 15*d + 29. Let v(i) = -i**2 - 7*i + 14. Let b(t) = 3*m(t) - 5*v(t). Calculate b(-11).
6
Let t(w) = 4*w**3 - 2*w**2 - w + 1. Let j be t(-1). Let m be -2*(j - (-26)/4). Let d(o) = o**2 + 3*o + 4. What is d(m)?
14
Let f(v) be the second derivative of v**5/20 + 5*v**4/12 - v**3 - 5*v**2/2 - v - 49. Give f(-6).
-5
Let c be (-4)/((-8)/6) + 4. Let p(o) = 48*o**2 - 9 + 48*o**2 - c*o - 95*o**2. Calculate p(7).
-9
Let u(b) = 8*b - 5. Let n(a) = 7*a - 4. Let k(r) = 7*n(r) - 6*u(r). What is k(0)?
2
Let x(b) be the second derivative of b**3/3 + 2*b**2 - b. Let c = 724 + -718. Determine x(c).
16
Suppose 26*g = 32*g - 48. Let o(w) = w**2 - 9*w + 3. Give o(g).
-5
Let l(c) = c + 5. Let i = -37 - -57. Suppose h = -4*h + i. Give l(h).
9
Suppose 0 = -7*j - 4 - 3. Let p(s) = -6*s + 5*s - 2 + 3 - 6*s. What is p(j)?
8
Let q(c) = 13*c**2 - 8*c - 2. Let f(w) = 7*w**2 - 4*w - 1. Let b(x) = 11*f(x) - 6*q(x). Give b(6).
-11
Let g(c) = c**3 - c**2 - 4 + 5 - 3*c + 4*c. Let w(p) = 3*p**2 + 4*p + 5. Let a be w(-1). Suppose 0 = -u - 5*i - 5, -2*u + 2 + 2 = -a*i. Determine g(u).
1
Suppose -3*d - 4 = -10. Let q(f) = -11*f**2 - 6*f + 5*f + d*f. Give q(1).
-10
Let a = -347 + 351. Let v(l) = -2*l + 1. What is v(a)?
-7
Let w(x) = 2*x + 2. Let d(l) = 2*l + 12. Let a(h) = -d(h) + 2*w(h). Give a(7).
6
Let w(d) = 5*d**2 - 5*d + 3. Let j(m) = 3*m**2 - 3*m + 2. Let y(t) = -7*j(t) + 4*w(t). Determine y(2).
-4
Let g(d) = 7 + 16*d - 9*d - 8*d. Let f(i) = i**3 - 7*i**2 + 5*i - 10. Let z be f(7). Suppose 5*h + p = 6*p + z, 0 = -5*h - 5*p + 25. What is g(h)?
2
Let u(j) = 2*j + 9. Let f = -45 + 14. Let a = -28 - f. Suppose -a*y + 3*c - 2 = -y, -4*y - 5*c - 48 = 0. Give u(y).
-5
Let p be 40/18 - 4/18. Let r(v) = -v - 5 - v**p - 2 - 2 - 10. Determine r(0).
-19
Let y(i) = i**2 + 14*i - 8. Suppose -5*u = s + 20, 3*s - u + 49 = -5*u. Let v be y(s). Suppose -12*l = -v*l. Let c(q) = -q**3 + q + 1. Give c(l).
1
Let x = -1 - -1. Suppose -8 = -2*s - x. Suppose -q = s*d - 3, 1 + 6 = -4*d - 3*q. Let b(a) = a**3 - 2*a**2 + a - 2. Determine b(d).
0
Let k be -6*16/(-36) - 66/33. Let p(y) be the first derivative of -y + k*y**3 + 0*y**2 + 1/4*y**4 - 4. Determine p(-2).
-1
Let b(d) be the third derivative of -d**6/120 + d**5/6 - d**4/3 - 5*d**3/3 + 824*d**2. Calculate b(9).
-1
Let u be ((-400)/(-125))/(2/5). Let n(x) = x**2 - 8*x - 1. Determine n(u).
-1
Let h(a) = -a**3 - a**2 - 1. Let s = -15 + 19. Suppose s*c - 24 = -8. Suppose -5*d + 2 = c*f, d = 2*f - 0*f - 8. Calculate h(d).
3
Let p(v) = -4*v - 9 - v**3 + 2*v - 2*v + 3*v. Let b = -1 + 4. Suppose 2*z = 2*j - b + 1, -5*z = 4*j + 5. Calculate p(j).
-9
Let p(u) = 4*u**2 + 5*u - u - 42*u**3 + 41*u**3 + 2 + 0*u**2. Let v be ((-30)/(-24) - (-3)/4) + 3. Determine p(v).
-3
Let v(u) = u**2 - 3*u + 5. Let h = -19 - -23. Determine v(h).
9
Let h(z) be the second derivative of 2*z + 0 + z**2 + 2/3*z**3 + 1/6*z**4. Let q = 323 + -326. Give h(q).
8
Let s(o) = -o + 40 - 28 - 31. Give s(-9).
-10
Let f(s) = s + 12*s**2 - 18*s**2 + 0*s. What is f(-1)?
-7
Suppose -4*b + 34 = i, -3*i = i - 4*b - 96. Let w = i - 29. Let r(h) be the third derivative of -h**6/120 - h**5/20 - h**4/8 - h**3/6 + h**2. Give r(w).
8
Let r(w) = w**2 - 9*w. Suppose 4*c - 175 = n, -n + 84 = 2*c - 5. Suppose -5*y - 2*u = -0*u - 41, -3*u + c = 5*y. What is r(y)?
-14
Let z(u) = 0*u - 1 - 40*u - 3*u + 17*u. Give z(1).
-27
Let z be 1/(-4) + (57/36 - 1). Let t(m) be the first derivative of -7 + z*m**3 + m + 1/2*m**2 + 3/4*m**4. Determine t(-1).
-2
Let i(j) = j**2 + 6*j - 8. Let o = 2 - 2. Suppose 21 = -o*u - 3*u. Give i(u).
-1
Suppose 2*s + 530 = 5*j + 4*s, s = -3*j + 318. Let y = j - 111. Let n(g) = 2*g**2 + 6*g - 4. Give n(y).
16
Let z(l) = -l**2 + 9*l. Suppose -57 = 5*f - 92. What is z(f)?
14
Let p(s) = 9*s + 11. Let l(u) = 4*u - 1. Let g(v) = -2*l(v) + p(v). Give g(-7).
6
Let p(m) = -2*m + 3. Suppose -3*f + 28 = 4*n, 11*n + 5*f - 35 = 6*n. Suppose 4*o - n = 25. What is p(o)?
-13
Let r(b) = b**3 - 4*b**2 + 2*b. Let w be r(6). Let y be -5*(-3*1 + w/20). Let a(x) = x**3 + 5*x**2 - 5*x. Give a(y).
-6
Let m(d) = -2*d - 5. Let z(u) = 4*u + 23. Let r be 1/(-1 - 24/(-28)). Let a be z(r). Determine m(a).
5
Let a(w) = 6*w + 2. Let f be a(-1). Let m(p) = p**2 + 6*p + 6. What is m(f)?
-2
Let n(h) = -h**3 + 7*h**2 - 3*h + 5. Suppose 38*u = 40*u + 2, -8 = -x + u. Give n(x).
-16
Let r(x) be the second derivative of 0 - 1/2*x**3 - 32*x + 1/12*x**4 + 0*x**2. Let j be (-11)/3 + (-6)/(-9). Calculate r(j).
18
Let k be 98/(6 - -1) + -6. Suppose 15 = 3*v + 2*v. Let d(t) = k - t**2 - v*t - t - 4*t + 3*t. What is d(-6)?
2
Let f be ((-4)/(-16))/(1/12). Let c be 3*f/(-6)*-4